10) to base 7.
2131305
83c89 (base 14) to base 13
b19b1
-d63b (base 14) to base 11
-257a7
Convert 322011031 (base 4) to base 11.
152814
-307bc (base 14) to base 8
-344062
What is -1110110000100000 (base 2) in base 16?
-ec20
Convert 2344332 (base 6) to base 12.
5b0a8
272474 (base 8) to base 14
26b6c
Convert -304122220 (base 5) to base 9.
-2287603
What is 4513614 (base 7) in base 5?
120331431
What is -100100011101001110000001 (base 2) in base 14?
-13aab73
Convert 23132024 (base 7) to base 2.
111101110010100101011
Convert -46632132 (base 8) to base 3.
-201010202122120
Convert 1011112210122112 (base 3) to base 8.
77752077
Convert -41056 (base 11) to base 12.
-2a844
240340210 (base 6) to base 4
101030132232
What is -1025521031 (base 6) in base 9?
-22472181
What is -30341005 (base 6) in base 15?
-12252b
What is -2426417 (base 8) in base 15?
-d28ea
Convert -6055276 (base 8) to base 11.
-9a0195
What is -3144323 (base 5) in base 12?
-26880
33725 (base 11) to base 8
137226
Convert -21211212122022 (base 3) to base 8.
-17721153
Convert -1542335 (base 6) to base 3.
-11122012212
Convert -433511 (base 7) to base 16.
-127c1
Convert -355614 (base 7) to base 2.
-1111101110111110
Convert -119482 (base 16) to base 13.
-314545
What is -14453420 (base 6) in base 4?
-1323101310
Convert 433352 (base 11) to base 6.
22502112
Convert -886821 (base 9) to base 8.
-2013001
What is 2311220 (base 4) in base 10?
11624
What is -a4586c (base 13) in base 7?
-44431113
1200100222 (base 4) to base 10
394282
Convert -100352 (base 11) to base 12.
-7953b
Convert -11101111000000010 (base 2) to base 4.
-131320002
What is -22222000012001 (base 3) in base 10?
-4763422
1110001000000111011 (base 2) to base 13
132913
43235245 (base 6) to base 11
7a4a2a
2a250c (base 13) to base 9
1844554
26501121 (base 7) to base 2
1001010011000100101110
What is -2530035 (base 7) in base 14?
-8701c
-1422610 (base 7) to base 14
-4d6b0
Convert 253213403 (base 6) to base 9.
10223173
-2402304 (base 6) to base 4
-132200200
What is -190ba0 (base 12) in base 9?
-735603
Convert -1156222 (base 7) to base 12.
-72021
Convert -2121000100 (base 3) to base 11.
-3538a
-26513 (base 11) to base 12
-19b13
-2021100010120 (base 3) to base 7
-13155612
What is 1167548 (base 9) in base 14?
1277c4
Convert -414334323 (base 5) to base 4.
-12202230103
What is -373d9 (base 14) in base 10?
-135235
Convert -10110111111110010110 (base 2) to base 11.
-475183
-1284382 (base 9) to base 5
-140032020
Convert 3034131440 (base 5) to base 12.
209181b
Convert 31d7c (base 14) to base 3.
20010111112
What is -11111010000101000110 (base 2) in base 4?
-3322011012
What is -5687c (base 14) in base 11?
-133a41
53bde (base 15) to base 14
6ccb4
What is -204000510 (base 7) in base 12?
-4028856
Convert -2121422 (base 7) to base 5.
-31214322
Convert -1020220201 (base 3) to base 2.
-110000010010100
255464 (base 9) to base 7
1213456
Convert -33415 (base 8) to base 12.
-81a5
Convert -53a1 (base 12) to base 11.
-69a8
What is -253132 (base 8) in base 14?
-23d22
What is 35360010 (base 7) in base 14?
5b4540
58500 (base 9) to base 10
39042
Convert -8ba463 (base 15) to base 12.
-2295bb6
What is 3cfad (base 16) in base 6?
5204205
Convert -300203212 (base 4) to base 8.
-604346
-331a9 (base 12) to base 14
-1a933
Convert -3119a4 (base 11) to base 12.
-201660
Convert -87990 (base 10) to base 13.
-31086
Convert -1a4904 (base 12) to base 7.
-3642643
138375 (base 10) to base 12
680b3
Convert 6955 (base 14) to base 16.
477f
What is -7039455 (base 10) in base 14?
-d13583
Convert -31341024 (base 5) to base 14.
-6b6b4
Convert -3201222110 (base 5) to base 13.
-14c4319
7259 (base 12) to base 9
18066
Convert -2220212201222 (base 3) to base 15.
-20a055
What is 4200011 (base 5) in base 4?
100302110
1032333 (base 6) to base 16
c7a1
218402 (base 9) to base 15
28b62
-132513102 (base 6) to base 5
-1134403343
Convert -440853 (base 9) to base 5.
-31410021
Convert 5d564c (base 14) to base 10.
3203492
186291 (base 11) to base 16
45f2b
What is -78249 (base 12) in base 7?
-1232331
Convert -d0213 (base 14) to base 2.
-1111010000001101001
What is 21b6ed (base 16) in base 11?
127a052
-47173 (base 14) to base 4
-222101301
Convert -3220222201 (base 5) to base 14.
-c91ba4
What is 1011000000101100011001 (base 2) in base 6?
141511025
What is -86864 (base 15) in base 11?
-271a13
Convert 20333321311 (base 4) to base 16.
23fe75
Convert -237360 (base 10) to base 6.
-5030520
What is 24104674 (base 8) in base 16?
5089bc
-15044034 (base 6) to base 5
-113104121
Convert -52f6cb (base 16) to base 11.
-3083aa7
-613766 (base 8) to base 15
-40112
What is 2154043 (base 7) in base 13?
93b11
What is -22301112 (base 6) in base 16?
-a53a4
Convert 314015665 (base 7) to base 9.
37877717
What is 3693077 (base 10) in base 6?
211053325
What is 11001000101111000 (base 2) in base 9?
165875
What is 45530 (base 12) in base 8?
264264
Convert 23c000 (base 15) to base 12.
6a6299
Convert 321321300 (base 4) to base 5.
30042133
What is 2015578 (base 9) in base 2?
100000110000110011100
Convert -40b97 (base 12) to base 11.
-58659
-192353 (base 14) to base 4
-3121031311
What is 144141222 (base 6) in base 2?
1011011100001111001110
What is 4364 (base 16) in base 5?
1023002
-100111020001 (base 3) to base 14
-4c0dd
Convert 121221202111212 (base 3) to base 9.
17852455
Convert -30e083 (base 16) to base 8.
-14160203
-44886 (base 13) to base 5
-12440434
What is -66230732 (base 8) in base 9?
-28704427
What is 10011111001101011 (base 2) in base 13?
2b145
Convert 1c7565 (base 14) to base 8.
3706325
Convert ef457 (base 16) to base 13.
28411b
What is -1451410010 (base 6) in base 10?
-18274902
What is 10011101011101000011010 (base 2) in base 12?
1889962
Convert 116d7 (base 15) to base 16.
d900
Convert 531b5 (base 16) to base 5.
41343110
-5a915 (base 12) to base 3
-20012201122
Convert 87c974 (base 13) to base 2.
1100001100110100101011
What is d231 (base 15) in base 16?
ad53
10000111011001011011001 (base 2) to base 3
22100102000010
What is 20101221021 (base 3) in base 4?
132301312
Convert -1111323 (base 5) to base 12.
-b404
Convert 17591 (base 14) to base 9.
88506
-2324225 (base 6) to base 7
-1010252
Convert 2418694 (base 10) to base 5.
1104344234
Convert 21211121102110 (base 3) to base 13.
b2aa63
What is -70815 (base 10) in base 11?
-49228
1397 (base 15) to base 16
1060
2bd88 (base 16) to base 11
112a26
What is -416927 (base 12) in base 10?
-1027759
What is -51412040 (base 6) in base 11?
-920380
Convert -1011011010110001010 (base 2) to base 6.
-12004110
What is 355429 (base 15) in base 7?
30444450
-112510415 (base 6) to base 5
-1013440240
Convert 1335677 (base 9) to base 14.
150d16
Convert 3221230 (base 4) to base 8.
35154
Convert 30140344 (base 7) to base 15.
344db4
What is 122400304 (base 7) in base 16?
75b704
Convert 8212122 (base 9) to base 2.
10000101100110010010010
What is -4040306 (base 8) in base 2?
-100000100000011000110
What is -23121232011 (base 4) in base 3?
-12121212001020
10101010001010010111 (base 2) to base 12
29741b
Convert 1385013 (base 9) to base 14.
15c99b
69531 (base 14) to base 12
104333
What is 587087 (base 11) in base 3?
1202100011221
Convert 1200022011001 (base 3) to base 16.
d9b1c
Convert -616345 (base 9) to base 10.
-365513
Convert -1b43c (base 15) to base 13.
-314b8
Convert -515375 (base 8) to base 10.
-170749
-8c9a80 (base 16) to base 9
-18304035
What is 118272 (base 10) in base 15?
2509c
What is -300c4d (base 14) in base 16?
-18a815
What is 1011100101010100111000 (base 2) in base 9?
5637227
-7a6813 (base 15) to base 11
-3331706
Convert 415846 (base 9) to base 4.
330110310
What is -62557 (base 12) in base 4?
-133122103
-224d3 (base 16) to base 12
-69383
-30506521 (base 7) to base 16
-270436
Convert -213211234 (base 6) to base 8.
-16366506
-10100000010210 (base 3) to base 8
-6604064
Convert 5877240 (base 10) to base 11.
3354726
Convert -1195618 (base 12) to base 9.
-6408352
-12406130 (base 8) to base 10
-2755672
Convert -10ea2c (base 16) to base 11.
-69793a
Convert 1470011 (base 8) to base 12.
1841a1
-52803 (base 13) to base 7
-1156050
-1b2c0 (base 13) to base 14
-15578
What is ad667 (base 14) in base 3?
210101122021
Convert -10000001010110111000010 (base 2) to base 8.
-20126702
Convert -1289214 (base 11) to base 2.
-1000